emainder when 446 is divided by 131?
53
Calculate the remainder when 85 is divided by 44.
41
Calculate the remainder when 3323 is divided by 133.
131
What is the remainder when 879 is divided by 16?
15
Calculate the remainder when 469 is divided by 67.
0
What is the remainder when 4544 is divided by 4540?
4
Calculate the remainder when 68 is divided by 2.
0
Calculate the remainder when 257 is divided by 13.
10
Calculate the remainder when 82 is divided by 17.
14
Calculate the remainder when 4364 is divided by 74.
72
Calculate the remainder when 501 is divided by 132.
105
What is the remainder when 467 is divided by 117?
116
Calculate the remainder when 121 is divided by 32.
25
Calculate the remainder when 475 is divided by 57.
19
What is the remainder when 197 is divided by 31?
11
Calculate the remainder when 4797 is divided by 342.
9
Calculate the remainder when 348 is divided by 50.
48
What is the remainder when 373 is divided by 373?
0
Calculate the remainder when 1265 is divided by 9.
5
Calculate the remainder when 336 is divided by 2.
0
Calculate the remainder when 791 is divided by 3.
2
Calculate the remainder when 176 is divided by 67.
42
What is the remainder when 1056 is divided by 98?
76
Calculate the remainder when 14171 is divided by 19.
16
Calculate the remainder when 727 is divided by 84.
55
What is the remainder when 1909 is divided by 146?
11
What is the remainder when 133 is divided by 17?
14
What is the remainder when 1168 is divided by 140?
48
What is the remainder when 308 is divided by 137?
34
Calculate the remainder when 2044 is divided by 103.
87
What is the remainder when 46 is divided by 41?
5
What is the remainder when 167 is divided by 17?
14
Calculate the remainder when 219 is divided by 181.
38
Calculate the remainder when 6763 is divided by 34.
31
Calculate the remainder when 11122 is divided by 108.
106
What is the remainder when 272 is divided by 70?
62
What is the remainder when 510 is divided by 43?
37
What is the remainder when 483 is divided by 27?
24
Calculate the remainder when 200 is divided by 119.
81
Calculate the remainder when 43 is divided by 16.
11
Calculate the remainder when 100 is divided by 78.
22
What is the remainder when 417 is divided by 107?
96
Calculate the remainder when 497 is divided by 179.
139
Calculate the remainder when 1873 is divided by 170.
3
What is the remainder when 914 is divided by 46?
40
Calculate the remainder when 992 is divided by 5.
2
Calculate the remainder when 3332 is divided by 101.
100
Calculate the remainder when 942 is divided by 87.
72
Calculate the remainder when 4156 is divided by 33.
31
Calculate the remainder when 4245 is divided by 12.
9
What is the remainder when 16077 is divided by 17?
12
Calculate the remainder when 3755 is divided by 624.
11
What is the remainder when 475 is divided by 184?
107
Calculate the remainder when 177 is divided by 28.
9
What is the remainder when 510 is divided by 86?
80
What is the remainder when 27218 is divided by 20?
18
What is the remainder when 55 is divided by 22?
11
What is the remainder when 3529 is divided by 148?
125
Calculate the remainder when 364 is divided by 42.
28
Calculate the remainder when 3060 is divided by 759.
24
What is the remainder when 49 is divided by 8?
1
Calculate the remainder when 3342 is divided by 279.
273
Calculate the remainder when 1253 is divided by 57.
56
Calculate the remainder when 58 is divided by 9.
4
What is the remainder when 1222 is divided by 119?
32
Calculate the remainder when 271 is divided by 152.
119
What is the remainder when 81 is divided by 31?
19
What is the remainder when 1101 is divided by 13?
9
Calculate the remainder when 592 is divided by 196.
4
What is the remainder when 617 is divided by 31?
28
What is the remainder when 3874 is divided by 1285?
19
What is the remainder when 2621 is divided by 32?
29
Calculate the remainder when 297 is divided by 5.
2
Calculate the remainder when 339 is divided by 11.
9
Calculate the remainder when 10427 is divided by 22.
21
What is the remainder when 4332 is divided by 85?
82
Calculate the remainder when 85 is divided by 10.
5
Calculate the remainder when 1736 is divided by 67.
61
What is the remainder when 321 is divided by 25?
21
What is the remainder when 2677 is divided by 10?
7
Calculate the remainder when 943 is divided by 63.
61
Calculate the remainder when 80 is divided by 9.
8
Calculate the remainder when 644 is divided by 125.
19
Calculate the remainder when 143 is divided by 16.
15
Calculate the remainder when 117 is divided by 41.
35
Calculate the remainder when 65 is divided by 35.
30
Calculate the remainder when 398 is divided by 31.
26
What is the remainder when 1106 is divided by 11?
6
Calculate the remainder when 27711 is divided by 186.
183
Calculate the remainder when 492 is divided by 33.
30
What is the remainder when 3898 is divided by 195?
193
Calculate the remainder when 1204 is divided by 159.
91
What is the remainder when 11837 is divided by 74?
71
What is the remainder when 87 is divided by 45?
42
What is the remainder when 1437 is divided by 132?
117
What is the remainder when 345 is divided by 19?
3
What is the remainder when 1861 is divided by 23?
21
What is the remainder when 1858 is divided by 370?
8
What is the remainder when 41 is divided by 9?
5
Calculate the remainder when 7147 is divided by 26.
23
What is the remainder when 805 is divided by 65?
25
Calculate the remainder when 128 is divided by 34.
26
What is the remainder when 4301 is divided by 41?
37
Calculate the remainder when 428 is divided by 32.
12
What is the remainder when 2157 is divided by 21?
15
Calculate the remainder when 31602 is divided by 17.
16
Calculate the remainder when 462 is divided by 58.
56
What is the remainder when 2338 is divided by 90?
88
What is the remainder when 880 is divided by 9?
7
Calculate the remainder when 274 is divided by 11.
10
Calculate the remainder when 165 is divided by 70.
25
Calculate the remainder when 11498 is divided by 92.
90
Calculate the remainder when 573 is divided by 41.
40
Calculate the remainder when 786 is divided by 99.
93
What is the remainder when 250 is divided by 248?
2
What is the remainder when 264 is divided by 86?
6
Calculate the remainder when 711 is divided by 45.
36
What is the remainder when 1194 is divided by 320?
234
What is the remainder when 235 is divided by 25?
10
Calculate the remainder when 26361 is divided by 169.
166
What is the remainder when 1157 is divided by 575?
7
What is the remainder when 347 is divided by 51?
41
What is the remainder when 3363 is divided by 17?
14
What is the remainder when 4942 is divided by 1643?
13
Calculate the remainder when 2643 is divided by 7.
4
What is the remainder when 2278 is divided by 46?
24
What is the remainder when 6466 is divided by 37?
28
Calculate the remainder when 932 is divided by 307.
11
Calculate the remainder when 175 is divided by 84.
7
What is the remainder when 711 is divided by 57?
27
What is the remainder when 55 is divided by 26?
3
What is the remainder when 264 is divided by 19?
17
What is the remainder when 596 is divided by 106?
66
Calculate the remainder when 530 is divided by 175.
5
What is the remainder when 5213 is divided by 290?
283
What is the remainder when 1507 is divided by 52?
51
What is the remainder when 2712 is divided by 143?
138
Calculate the remainder when 7003 is divided by 49.
45
Calculate the remainder when 381 is divided by 109.
54
Calculate the remainder when 53 is divided by 41.
12
What is the remainder when 803 is divided by 23?
21
What is the remainder when 107 is divided by 48?
11
What is the remainder when 36 is divided by 6?
0
What is the remainder when 131 is divided by 37?
20
Calculate the remainder when 4787 is divided by 19.
18
Calculate the remainder when 1745 is divided by 70.
65
Calculate the remainder when 452 is divided by 156.
140
What is the remainder when 44 is divided by 27?
17
Calculate the remainder when 700 is divided by 40.
20
Calculate the remainder when 614 is divided by 123.
122
Calculate the remainder when 6849 is divided by 221.
219
What is the remainder when 85677 is divided by 21?
18
Calculate the remainder when 292 is divided by 36.
4
What is the 